actors of 65935.
5, 13187
What are the prime factors of 911?
911
What are the prime factors of 1424?
2, 89
List the prime factors of 5762.
2, 43, 67
What are the prime factors of 6844?
2, 29, 59
List the prime factors of 2764.
2, 691
List the prime factors of 57873.
3, 101, 191
What are the prime factors of 30009?
3, 7, 1429
What are the prime factors of 121039?
121039
What are the prime factors of 2659?
2659
What are the prime factors of 5277?
3, 1759
List the prime factors of 1105.
5, 13, 17
List the prime factors of 1390.
2, 5, 139
What are the prime factors of 1986?
2, 3, 331
What are the prime factors of 840?
2, 3, 5, 7
What are the prime factors of 22093?
22093
List the prime factors of 3286.
2, 31, 53
List the prime factors of 3187.
3187
What are the prime factors of 3610?
2, 5, 19
List the prime factors of 102.
2, 3, 17
What are the prime factors of 14217?
3, 7, 677
What are the prime factors of 32512?
2, 127
What are the prime factors of 646?
2, 17, 19
List the prime factors of 1124.
2, 281
List the prime factors of 475.
5, 19
What are the prime factors of 2288?
2, 11, 13
List the prime factors of 18819.
3, 17, 41
List the prime factors of 7388.
2, 1847
What are the prime factors of 1911?
3, 7, 13
List the prime factors of 2132.
2, 13, 41
List the prime factors of 844.
2, 211
What are the prime factors of 6885?
3, 5, 17
List the prime factors of 15060.
2, 3, 5, 251
List the prime factors of 948.
2, 3, 79
What are the prime factors of 10862?
2, 5431
List the prime factors of 670.
2, 5, 67
List the prime factors of 11098.
2, 31, 179
List the prime factors of 1952.
2, 61
What are the prime factors of 13840?
2, 5, 173
List the prime factors of 141252.
2, 3, 79, 149
List the prime factors of 106488.
2, 3, 17, 29
List the prime factors of 93944.
2, 11743
List the prime factors of 1477.
7, 211
List the prime factors of 16524.
2, 3, 17
List the prime factors of 107014.
2, 53507
List the prime factors of 645.
3, 5, 43
List the prime factors of 24047.
139, 173
What are the prime factors of 80220?
2, 3, 5, 7, 191
List the prime factors of 10642.
2, 17, 313
List the prime factors of 133.
7, 19
What are the prime factors of 5099?
5099
What are the prime factors of 596?
2, 149
List the prime factors of 9979.
17, 587
List the prime factors of 3966.
2, 3, 661
What are the prime factors of 5217?
3, 37, 47
List the prime factors of 26109.
3, 967
List the prime factors of 2542.
2, 31, 41
List the prime factors of 6721.
11, 13, 47
List the prime factors of 99667.
99667
What are the prime factors of 755?
5, 151
List the prime factors of 3743.
19, 197
What are the prime factors of 18572?
2, 4643
What are the prime factors of 15536?
2, 971
List the prime factors of 574.
2, 7, 41
What are the prime factors of 1030?
2, 5, 103
What are the prime factors of 27712?
2, 433
What are the prime factors of 41613?
3, 11, 13, 97
List the prime factors of 623.
7, 89
What are the prime factors of 55952?
2, 13, 269
What are the prime factors of 604?
2, 151
List the prime factors of 2113.
2113
List the prime factors of 2096.
2, 131
What are the prime factors of 77734?
2, 38867
What are the prime factors of 1768?
2, 13, 17
List the prime factors of 31723.
31723
What are the prime factors of 1403?
23, 61
What are the prime factors of 4047?
3, 19, 71
List the prime factors of 10388.
2, 7, 53
What are the prime factors of 12503?
12503
What are the prime factors of 2380?
2, 5, 7, 17
What are the prime factors of 736?
2, 23
What are the prime factors of 838?
2, 419
What are the prime factors of 10182?
2, 3, 1697
What are the prime factors of 350?
2, 5, 7
List the prime factors of 7826.
2, 7, 13, 43
List the prime factors of 18272.
2, 571
List the prime factors of 1371.
3, 457
What are the prime factors of 6821?
19, 359
What are the prime factors of 9695?
5, 7, 277
What are the prime factors of 1874?
2, 937
What are the prime factors of 109725?
3, 5, 7, 11, 19
What are the prime factors of 15039?
3, 557
What are the prime factors of 3749?
23, 163
List the prime factors of 115295.
5, 23059
List the prime factors of 5131.
7, 733
List the prime factors of 21660.
2, 3, 5, 19
List the prime factors of 21851.
21851
List the prime factors of 469.
7, 67
List the prime factors of 27035.
5, 5407
List the prime factors of 536.
2, 67
List the prime factors of 109474.
2, 127, 431
What are the prime factors of 12728?
2, 37, 43
List the prime factors of 1298.
2, 11, 59
List the prime factors of 114.
2, 3, 19
List the prime factors of 43767.
3, 1621
What are the prime factors of 1939?
7, 277
What are the prime factors of 1616?
2, 101
List the prime factors of 420.
2, 3, 5, 7
What are the prime factors of 34547?
179, 193
List the prime factors of 21729.
3, 7243
What are the prime factors of 150629?
31, 43, 113
What are the prime factors of 5519?
5519
List the prime factors of 17498.
2, 13, 673
What are the prime factors of 37911?
3, 12637
What are the prime factors of 1707?
3, 569
List the prime factors of 28649.
28649
What are the prime factors of 2090?
2, 5, 11, 19
List the prime factors of 722.
2, 19
List the prime factors of 282.
2, 3, 47
List the prime factors of 30193.
109, 277
List the prime factors of 586.
2, 293
What are the prime factors of 86?
2, 43
List the prime factors of 2791.
2791
What are the prime factors of 134320?
2, 5, 23, 73
What are the prime factors of 53438?
2, 7, 11, 347
What are the prime factors of 2391?
3, 797
What are the prime factors of 774?
2, 3, 43
What are the prime factors of 36119?
19, 1901
List the prime factors of 33821.
31, 1091
List the prime factors of 6857.
6857
What are the prime factors of 3649?
41, 89
What are the prime factors of 11730?
2, 3, 5, 17, 23
List the prime factors of 6601.
7, 23, 41
What are the prime factors of 1250?
2, 5
What are the prime factors of 4129?
4129
What are the prime factors of 1736?
2, 7, 31
What are the prime factors of 1001?
7, 11, 13
What are the prime factors of 11352?
2, 3, 11, 43
List the prime factors of 6.
2, 3
List the prime factors of 31105.
5, 6221
What are the prime factors of 10637?
11, 967
What are the prime factors of 6250?
2, 5
What are the prime factors of 3383?
17, 199
What are the prime factors of 31302?
2, 3, 37, 47
What are the prime factors of 61096?
2, 7, 1091
List the prime factors of 1824.
2, 3, 19
List the prime factors of 1758.
2, 3, 293
What are the prime factors of 65500?
2, 5, 131
List the prime factors of 1559.
1559
List the prime factors of 94350.
2, 3, 5, 17, 37
What are the prime factors of 5179?
5179
List the prime factors of 612.
2, 3, 17
List the prime factors of 15977.
13, 1229
What are the prime factors of 403?
13, 31
What are the prime factors of 50992?
2, 3187
List the prime factors of 4735.
5, 947
List the prime factors of 1324.
2, 331
What are the prime factors of 3795?
3, 5, 11, 23
List the prime factors of 327.
3, 109
What are the prime factors of 48849?
3, 19, 857
What are the prime factors of 136483?
136483
What are the prime factors of 23217?
3, 71, 109
What are the prime factors of 6774?
2, 3, 1129
What are the prime factors of 1574?
2, 787
List the prime factors of 78035.
5, 15607
What are the prime factors of 4642?
2, 11, 211
List the prime factors of 3613.
3613
What are the prime factors of 1434?
2, 3, 239
What are the prime factors of 3774?
2, 3, 17, 37
List the prime factors of 1118.
2, 13, 43
List the prime factors of 1843.
19, 97
List the prime factors of 1793.
11, 163
What are the prime factors of 296?
2, 37
List the prime factors of 542.
2, 271
What are the prime factors of 481?
13, 37
What are the prime factors of 6345?
3, 5, 47
What are the prime factors of 17018?
2, 67, 127
What are the prime factors of 1600?
2, 5
List the prime factors of 1045.
5, 11, 19
What are the prime factors of 5004?
2, 3, 139
List the prime factors of 5353.
53, 101
What are the prime factors of 8816?
2, 19, 29
List the prime factors of 107754.
2, 3, 17959
List the prime factors of 7083.
3, 787
List the prime factors of 7487.
7487
What are the prime factors of 8194?
2, 17, 241
List the prime factors of 3623.
3623
What are the prime factors of 12268?
2, 3067
List the prime factors of 2847.
3, 13, 73
What are the prime factors of 1040?
2, 5, 13
List the prime factors of 76095.
3, 5, 19, 